 List the prime factors of l(1).
2, 43
What are the prime factors of 490584/138 - 3/(-69)?
3, 5, 79
Let y = 66 + -61. List the prime factors of (10/6)/y*297.
3, 11
Let c be (-174)/(-4) - 1/((-6)/9). List the prime factors of (c/10 - 2)*52.
2, 5, 13
Suppose 10*y + 24 = 14*y. List the prime factors of (-3836)/(-42) + (-2)/y.
7, 13
List the prime factors of (29/(-4))/(5/(-1500)).
3, 5, 29
Let r = 971 - 54. List the prime factors of r.
7, 131
Let r(d) = -4*d**2 + 11*d - 6. Let u be r(4). Let j = 56 - u. List the prime factors of j.
2, 41
Let a = 262 - -815. List the prime factors of a.
3, 359
Suppose 0 = -2*v + 6 - 2. Suppose 0 = v*x - 3*j - 19, 2*j = -2*x - 2*x - 2. Suppose 138 = 5*n - x. What are the prime factors of n?
2, 7
Let m = 1156 + 859. What are the prime factors of m?
5, 13, 31
Suppose -33*p + 38*p - 25 = 0. Suppose p*h - 11 - 19 = 0. What are the prime factors of h?
2, 3
Let s(n) = 7*n + 17. Let l be s(-3). List the prime factors of (-2)/l - 6/(-4).
2
Suppose 1508*l - 4530 = 1502*l. List the prime factors of l.
5, 151
Let n(q) = -18*q - 114. List the prime factors of n(-8).
2, 3, 5
Let g = -203 - -618. Suppose -5*c + 3*x = -2*x - g, 2*c + 5*x = 173. What are the prime factors of c?
2, 3, 7
Let x(l) = -9*l + 3. Let g be x(-3). Suppose -v = v + g. What are the prime factors of v/(-25) - (-267)/5?
2, 3
Let f = -1823 + 2713. List the prime factors of f.
2, 5, 89
Let f = -92 + 148. Let r = 3 - -2. Suppose 36 + f = 3*o + r*v, -57 = -2*o + v. List the prime factors of o.
29
List the prime factors of 29004/44 - (-4)/(-22).
659
Suppose -z + 2*o + 77 = 0, 5*z - 386 = o - 1. Let r = z - 8. List the prime factors of r.
3, 23
Suppose -3 = 5*k - 28. Let s(p) = 22*p - 2. What are the prime factors of s(k)?
2, 3
Suppose -4*h = 0, 4*w + h = -3*h + 68. Suppose -3 - w = -4*q. Suppose -q*u + 6*u = 10. List the prime factors of u.
2, 5
Let u(j) = -5 + 7*j - 3*j - 7*j + 1. Let y be u(-2). Suppose 3*c = -9, 7*c = -y*l + 2*c + 17. What are the prime factors of l?
2
Let d = 29 - 25. Suppose -4*p - d = -5*p. List the prime factors of p.
2
Let c be 5*(0 + 3 - 2). Let r = -11 + 35. Suppose -c*z = 4 - r. List the prime factors of z.
2
Let z = 873 + -33. What are the prime factors of z?
2, 3, 5, 7
Let y be -2*1*(-15)/6. Suppose 4*x - 5*o = -0*o + 177, y*x + 3*o = 249. Suppose 5*g = 4*r - 41, -3*r - 3*g + g + x = 0. What are the prime factors of r?
2, 7
Let s(y) = 76*y**3 + 6*y - 5. Let v be s(2). Suppose -41 = -8*l + v. What are the prime factors of l?
2, 41
Suppose 346 = o - x, 5*o + 2*x - 156 - 1574 = 0. List the prime factors of o.
2, 173
Let i be (-84)/56*(-4)/(-6). Let d = 4 - -4. Let l = i + d. What are the prime factors of l?
7
Suppose -532 = -20*w + 26208. What are the prime factors of w?
7, 191
Suppose -h - 4*c + 329 + 444 = 0, 0 = -h + 5*c + 800. List the prime factors of h.
5, 157
Let r = -46 - -18. Let k = 80 - r. Suppose -3*w = 3*w - k. List the prime factors of w.
2, 3
List the prime factors of (-10432)/(-6) + 10/(-75)*-10.
2, 3, 5, 29
Let z = 3395 - 1766. List the prime factors of z.
3, 181
Let p(d) = d**2 + 12*d - 3. Suppose -3*x - 3*t = 2*x + 77, -5*t - 20 = 0. List the prime factors of p(x).
2, 5
Suppose 0 = -q + 1 + 9. Suppose 12*n - q*n - 132 = 0. List the prime factors of n.
2, 3, 11
Suppose -2*x = -x. Suppose x*j + 2*d = 4*j - 22, 5*j = -4*d + 34. What are the prime factors of 141/j*(-1 + 3)?
47
Suppose 5 - 2 = -q, -4*p - 4*q - 44 = 0. Let v be (-1 - -3) + p/(-4). Suppose -v*b + 57 = -b. What are the prime factors of b?
19
List the prime factors of (-24)/(-18) - 992/(-3).
2, 83
Suppose 0 = 5*t + 4*r + 276, -2*r = -t + 5*t + 222. Let i = t - -69. What are the prime factors of i?
13
Let t be (-138)/(-8) + (-2)/8. What are the prime factors of t/(-34) + 162/4?
2, 5
Let l(d) = 2*d**3 - 3*d**2 + 2*d. Let m be l(2). Suppose 0 = -x, -4*w + 2*x = -3*x - m. Suppose 18 = 5*f + y - 8, -w*y = -3*f + 13. List the prime factors of f.
5
Suppose -5*v - 168 = 192. Let y(g) = g**3 - 8*g**2 + g - 7. Let z be y(7). Let k = z - v. List the prime factors of k.
23
Let m(j) = -j**2 - 19*j + 1. Let f be m(-12). Suppose 5*i + 4*l - 131 = f, 4*i - 180 = 4*l. What are the prime factors of i?
2, 11
Let y = -3 + 8. Suppose 2*c + 2*g = y*c, -c + 2*g + 4 = 0. Let u = 36 + c. List the prime factors of u.
2, 17
Let y(v) = -4*v - 48. Let j be y(-13). Suppose 2*t - 350 = -3*k, j*k + 6*t - 469 = t. List the prime factors of k.
2, 29
Suppose o + 6 = -4*q + 2*o, 3*o + 6 = 0. List the prime factors of (4 + 19)*(-4)/q.
2, 23
Suppose -11 = -2*u - 2*c - 1, 4*u + c - 26 = 0. Suppose u*w - 60 = 2*w. Suppose -4*i - 4 - 20 = -4*q, i + w = 4*q. What are the prime factors of q?
2
Let n be (12/(-1))/(4 + -3). Let l = n + 15. Suppose -l*k + 34 = -x, -2*x = -k - 2*k + 29. What are the prime factors of k?
13
Let a be -2*(-7)/(21/660). Suppose -l = 4*l - a. Suppose 8 + l = 3*w. What are the prime factors of w?
2
Let f(b) = -b**2 + 25*b + 24. List the prime factors of f(20).
2, 31
Let f be (-1)/(-2) + 2150/4. Suppose 12*m = 10*m + f. List the prime factors of m.
269
Let m be (-1)/((-20)/(-32)*(-4)/80). What are the prime factors of (m/20)/(3 + (-1569)/525)?
2, 5, 7
Suppose 4*v - 43 = -3*y, -2*y + 5 = -5. Let l = 7 - v. Suppose 26 = -l*x + 2*x. List the prime factors of x.
13
Let y(x) = x**2 - x - 4. Let f(n) = -n + 1. Let s(b) = 6*f(b) + y(b). Let t be s(-5). Let c = 126 - t. List the prime factors of c.
2
Let j be (-2)/(-4) - (-93)/62. Suppose -4*t + j*f + 768 = 0, 1 = 3*f - 5. What are the prime factors of t?
193
Let d be (66/15 - 1)*5. Let y = d + 36. Suppose 0 = -2*z + 29 + y. What are the prime factors of z?
41
What are the prime factors of 21/28 - 44705/(-20)?
2, 13, 43
Let j = -11 - -14. Suppose 3*a + 88 = -q, 4*a + j*q + 7 = -107. What are the prime factors of (a/8)/((-1)/4)?
3, 5
Let i(q) = 5*q**3 - 13*q**2 - 4*q + 6. Let m(p) = -4*p**3 + 12*p**2 + 3*p - 6. Let r(f) = -6*i(f) - 7*m(f). What are the prime factors of r(-5)?
7, 13
Let r be (-105 - (-1 + -1))*-7. Suppose 5*x - r = x + 3*t, 3*t + 543 = 3*x. List the prime factors of x.
2, 89
Suppose -14*g = 9735 - 27781. List the prime factors of g.
1289
Let j = 37 + -22. Let n(p) = p**3 - 19*p**2 - 20*p + 19. Let a be n(20). Let y = a - j. What are the prime factors of y?
2
Suppose -4*m + m + 461 = 2*s, -762 = -5*m + 3*s. Let c be (m/(-3) + 1)*-1. What are the prime factors of 6/(-18) + c/6?
2
Let b = 662 + 0. List the prime factors of 24/(-42) + b/7.
2, 47
Let k(s) = -2*s**3 - 9*s**2 + 11*s + 11. What are the prime factors of k(-7)?
179
Suppose 1315 = 4*r - 65. Let v = -163 + r. What are the prime factors of v?
2, 7, 13
Let i(h) = 6*h - 9 + 2*h**3 + 10*h**2 + 0*h**3 - 5*h - 3*h**3. Let y be i(10). What are the prime factors of -2 + 3 + 31*y?
2
Let s = 1 + -4. Let o be 5/30 - 8/48. What are the prime factors of (o + -38)*(s + 2)?
2, 19
What are the prime factors of 14*(2320/14 + 2)?
2, 587
Suppose 16 = -2*d + 4*d. Let n(i) = -i - d*i**2 + 35 + 30*i**2 - 39. List the prime factors of n(2).
2, 41
Let y be (-1)/(2 - -1 - 30/9). Suppose 4*h + 542 = 5*n, h = -y*h - 12. What are the prime factors of n?
2, 53
Let j = 1704 - 1008. List the prime factors of j.
2, 3, 29
Suppose -2*z + 5 - 1 = 0, 2*t - 12 = -4*z. List the prime factors of 2/(535/265 - t).
2, 53
Let s = -254 - -430. List the prime factors of s.
2, 11
Let p(u) = 44*u. Let b be p(1). Let t = b + -33. What are the prime factors of t?
11
Let d = -796 - -2006. List the prime factors of d.
2, 5, 11
Suppose -28 = -5*w - 3. Suppose -4*b = 3*x - 200, -x + w*x = 5*b + 246. List the prime factors of x.
2
Suppose -3700 = -37*l + 32*l. List the prime factors of l.
2, 5, 37
Let s be (4/10)/((-2)/10). Let y be 2 - 4/8*s. Suppose y*x = 2 + 4. List the prime factors of x.
2
Let w(v) = -v + 5. Let d(i) = 4*i - 7. Let n(x) = d(x) + 2*w(x). Suppose -48 = 2*t - 5*t. What are the prime factors of n(t)?
5, 7
Let n(y) = -y**3 - 35*y**2 + 34*y + 65. Let g(k) = 2*k**3 + 69*k**2 - 67*k - 129. Let p(i) = -6*g(i) - 11*n(i). List the prime factors of p(-30).
7, 17
Suppose 4*t + 2250 = 6*w - w, w = 5*t + 429. List the prime factors of w.
2, 227
List the prime factors of (4 - -3 - (6 - 1)) + 479.
13, 37
Suppose 0*y = 4*h + 2*y - 6, 4*y + 24 = 4*h. Let c be (-3 + 7)/4 - h. List the prime factors of c - -1*(37 + -2)